{"id":426,"date":"2023-12-12T15:40:00","date_gmt":"2023-12-12T14:40:00","guid":{"rendered":"https:\/\/centrejoebousquet.fr\/?page_id=426"},"modified":"2024-01-04T11:23:46","modified_gmt":"2024-01-04T10:23:46","slug":"reservation","status":"publish","type":"page","link":"https:\/\/centrejoebousquet.fr\/index.php\/reservation\/","title":{"rendered":"R\u00e9servation"},"content":{"rendered":"\n<p class=\"has-poppins-font-family has-upper-heading-font-size\"><strong>Bulletin de r\u00e9servation pour les lectures et les rencontres\u00a0:<\/strong><\/p>\n\n\n\n<p class=\"has-poppins-font-family\"><\/p>\n\n\n\n<div class=\"wp-block-uagb-forms uagb-forms__outer-wrap uagb-block-cdc605db uagb-forms__medium-btn\"><form class=\"uagb-forms-main-form\" method=\"post\" autocomplete=\"on\" name=\"uagb-form-cdc605db\">\n<div class=\"wp-block-uagb-forms-name uagb-forms-name-wrap uagb-forms-field-set uagb-block-23ae30e9\"><div class=\"uagb-forms-name-label required uagb-forms-input-label\" id=\"23ae30e9\">Pr\u00e9nom Nom<\/div><input type=\"text\" placeholder=\"John Doe\" required class=\"uagb-forms-name-input uagb-forms-input\" name=\"23ae30e9\" autocomplete=\"name\"\/><\/div>\n\n\n\n<div class=\"wp-block-uagb-forms-email uagb-forms-email-wrap uagb-forms-field-set uagb-block-76e072f4\"><div class=\"uagb-forms-email-label  uagb-forms-input-label\" id=\"76e072f4\">E-mail<\/div><input type=\"email\" class=\"uagb-forms-email-input uagb-forms-input\" placeholder=\"exemple@mail.com\" name=\"76e072f4\" autocomplete=\"email\"\/><\/div>\n\n\n\n<div class=\"wp-block-uagb-forms-name uagb-forms-name-wrap uagb-forms-field-set uagb-block-e1f9bcbc\"><div class=\"uagb-forms-name-label required uagb-forms-input-label\" id=\"e1f9bcbc\">Adresse postale<\/div><input type=\"text\" placeholder=\"Saisir votre objet\" required class=\"uagb-forms-name-input uagb-forms-input\" name=\"e1f9bcbc\" autocomplete=\"off\"\/><\/div>\n\n\n\n<div class=\"wp-block-uagb-forms-textarea uagb-forms-textarea-wrap uagb-forms-field-set uagb-block-2e4cfc01\"><div class=\"uagb-forms-textarea-label  uagb-forms-input-label\" id=\"2e4cfc01\">T\u00e9l\u00e9phone<\/div><textarea class=\"uagb-forms-textarea-input uagb-forms-input\" rows=\"4\" placeholder=\"Saisissez votre message\" name=\"2e4cfc01\" autocomplete=\"off\"><\/textarea><\/div>\n\n\n\n<div class=\"wp-block-uagb-forms-textarea uagb-forms-textarea-wrap uagb-forms-field-set uagb-block-4d958c6e\"><div class=\"uagb-forms-textarea-label required uagb-forms-input-label\" id=\"4d958c6e\">Intitul\u00e9 et date de la rencontre\/lecture<\/div><textarea required class=\"uagb-forms-textarea-input uagb-forms-input\" rows=\"4\" placeholder=\"Saisissez votre message\" name=\"4d958c6e\" autocomplete=\"off\"><\/textarea><\/div>\n\n\n\n<div class=\"wp-block-uagb-forms-textarea uagb-forms-textarea-wrap uagb-forms-field-set uagb-block-a8c468a0\"><div class=\"uagb-forms-textarea-label  uagb-forms-input-label\" id=\"a8c468a0\">Nombre de personnes<\/div><textarea class=\"uagb-forms-textarea-input uagb-forms-input\" rows=\"4\" placeholder=\"Saisissez votre message\" name=\"a8c468a0\" autocomplete=\"off\"><\/textarea><\/div>\n<div class=\"uagb-forms-form-hidden-data\"><input type=\"hidden\" class=\"uagb_forms_form_label\" value=\"Formulaire Spectra\"\/><input type=\"hidden\" class=\"uagb_forms_form_id\" value=\"uagb-form-cdc605db\"\/><\/div><div class=\"uagb-form-reacaptcha-error-cdc605db\"><\/div><div class=\"uagb-forms-main-submit-button-wrap wp-block-button\"><button class=\"uagb-forms-main-submit-button wp-block-button__link\"><div class=\"uagb-forms-main-submit-button-text\">Envoyer<\/div><\/button><\/div><\/form><div class=\"uagb-forms-success-message-cdc605db uagb-forms-submit-message-hide\"><span>Le formulaire a bien \u00e9t\u00e9 envoy\u00e9\u00a0!<\/span><\/div><div class=\"uagb-forms-failed-message-cdc605db uagb-forms-submit-message-hide\"><span>Une erreur s\u2019est produite lors de l\u2019envoi du formulaire. Veuillez v\u00e9rifier \u00e0 nouveau tous les champs du formulaire.<\/span><\/div><\/div>\n\n\n\n<p class=\"has-poppins-font-family\"><strong>Merci de pr\u00e9venir le Centre pour toute annulation.<\/strong><\/p>\n","protected":false},"excerpt":{"rendered":"<p>Bulletin de r\u00e9servation pour les lectures et les rencontres\u00a0: Merci de pr\u00e9venir le Centre pour toute annulation.<\/p>\n","protected":false},"author":1,"featured_media":0,"parent":0,"menu_order":0,"comment_status":"open","ping_status":"closed","template":"","meta":{"_mo_disable_npp":"","_surecart_dashboard_logo_width":"180px","_surecart_dashboard_show_logo":true,"_surecart_dashboard_navigation_orders":true,"_surecart_dashboard_navigation_invoices":true,"_surecart_dashboard_navigation_subscriptions":true,"_surecart_dashboard_navigation_downloads":true,"_surecart_dashboard_navigation_billing":true,"_surecart_dashboard_navigation_account":true,"_uag_custom_page_level_css":"","footnotes":""},"class_list":["post-426","page","type-page","status-publish","hentry"],"uagb_featured_image_src":{"full":false,"thumbnail":false,"medium":false,"medium_large":false,"large":false,"1536x1536":false,"2048x2048":false},"uagb_author_info":{"display_name":"Centre Joe Bousquet","author_link":"https:\/\/centrejoebousquet.fr\/index.php\/author\/admin4439\/"},"uagb_comment_info":0,"uagb_excerpt":"Bulletin de r\u00e9servation pour les lectures et les rencontres\u00a0: Merci de pr\u00e9venir le Centre pour toute annulation.","_links":{"self":[{"href":"https:\/\/centrejoebousquet.fr\/index.php\/wp-json\/wp\/v2\/pages\/426","targetHints":{"allow":["GET"]}}],"collection":[{"href":"https:\/\/centrejoebousquet.fr\/index.php\/wp-json\/wp\/v2\/pages"}],"about":[{"href":"https:\/\/centrejoebousquet.fr\/index.php\/wp-json\/wp\/v2\/types\/page"}],"author":[{"embeddable":true,"href":"https:\/\/centrejoebousquet.fr\/index.php\/wp-json\/wp\/v2\/users\/1"}],"replies":[{"embeddable":true,"href":"https:\/\/centrejoebousquet.fr\/index.php\/wp-json\/wp\/v2\/comments?post=426"}],"version-history":[{"count":4,"href":"https:\/\/centrejoebousquet.fr\/index.php\/wp-json\/wp\/v2\/pages\/426\/revisions"}],"predecessor-version":[{"id":497,"href":"https:\/\/centrejoebousquet.fr\/index.php\/wp-json\/wp\/v2\/pages\/426\/revisions\/497"}],"wp:attachment":[{"href":"https:\/\/centrejoebousquet.fr\/index.php\/wp-json\/wp\/v2\/media?parent=426"}],"curies":[{"name":"wp","href":"https:\/\/api.w.org\/{rel}","templated":true}]}}