{"id":581,"date":"2024-03-14T15:54:05","date_gmt":"2024-03-14T14:54:05","guid":{"rendered":"https:\/\/centrejoebousquet.fr\/?page_id=581"},"modified":"2024-03-14T15:54:05","modified_gmt":"2024-03-14T14:54:05","slug":"les-lieux-de-perec","status":"publish","type":"page","link":"https:\/\/centrejoebousquet.fr\/index.php\/les-lieux-de-perec\/","title":{"rendered":"LES LIEUX DE PEREC"},"content":{"rendered":"\n<p>Emission La S\u00e9rie Documentaire &#8211; France Culture<\/p>\n\n\n\n<div class=\"wp-block-media-text is-stacked-on-mobile\"><figure class=\"wp-block-media-text__media\"><a href=\"https:\/\/www.radiofrance.fr\/franceculture\/podcasts\/lsd-la-serie-documentaire\/la-rue-vilin-le-lieu-de-l-enfance-5547981\"><img fetchpriority=\"high\" decoding=\"async\" width=\"560\" height=\"315\" src=\"https:\/\/centrejoebousquet.fr\/wp-content\/uploads\/2024\/03\/rue-villin.webp\" alt=\"\" class=\"wp-image-582 size-full\" srcset=\"https:\/\/centrejoebousquet.fr\/wp-content\/uploads\/2024\/03\/rue-villin.webp 560w, https:\/\/centrejoebousquet.fr\/wp-content\/uploads\/2024\/03\/rue-villin-300x169.webp 300w\" sizes=\"(max-width: 560px) 100vw, 560px\" \/><\/a><\/figure><div class=\"wp-block-media-text__content\">\n<p>Dans le cadre de l&rsquo;enfance bless\u00e9 ( P\u00e9rec \u00e9crit des \u00ab\u00a0souvenirs inapaisables\u00a0\u00bb dit Robert Bober ) \u00ab\u00a0\u00e9crire c&rsquo;est enterrer les parents\u00a0\u00bb selon P\u00e9rec&#8230;<\/p>\n\n\n\n<p><a href=\"https:\/\/www.radiofrance.fr\/franceculture\/podcasts\/lsd-la-serie-documentaire\/la-rue-vilin-le-lieu-de-l-enfance-5547981\">retrouvez les quatre \u00e9missions de La S\u00e9rie Documentaire<\/a> sur le <a href=\"https:\/\/www.radiofrance.fr\/franceculture\/podcasts\/lsd-la-serie-documentaire\/la-rue-vilin-le-lieu-de-l-enfance-5547981\">site de France Culture<\/a>. <\/p>\n<\/div><\/div>\n","protected":false},"excerpt":{"rendered":"<p>Emission La S\u00e9rie Documentaire &#8211; France Culture Dans le cadre de l&rsquo;enfance bless\u00e9 ( P\u00e9rec \u00e9crit des \u00ab\u00a0souvenirs inapaisables\u00a0\u00bb dit Robert Bober ) \u00ab\u00a0\u00e9crire c&rsquo;est enterrer les parents\u00a0\u00bb selon P\u00e9rec&#8230; retrouvez les quatre \u00e9missions de La S\u00e9rie Documentaire sur le site de France Culture.<\/p>\n","protected":false},"author":1,"featured_media":0,"parent":0,"menu_order":0,"comment_status":"closed","ping_status":"closed","template":"","meta":{"_mo_disable_npp":"","_surecart_dashboard_logo_width":"180px","_surecart_dashboard_show_logo":true,"_surecart_dashboard_navigation_orders":true,"_surecart_dashboard_navigation_invoices":true,"_surecart_dashboard_navigation_subscriptions":true,"_surecart_dashboard_navigation_downloads":true,"_surecart_dashboard_navigation_billing":true,"_surecart_dashboard_navigation_account":true,"_uag_custom_page_level_css":"","footnotes":""},"class_list":["post-581","page","type-page","status-publish","hentry"],"uagb_featured_image_src":{"full":false,"thumbnail":false,"medium":false,"medium_large":false,"large":false,"1536x1536":false,"2048x2048":false},"uagb_author_info":{"display_name":"Centre Joe Bousquet","author_link":"https:\/\/centrejoebousquet.fr\/index.php\/author\/admin4439\/"},"uagb_comment_info":0,"uagb_excerpt":"Emission La S\u00e9rie Documentaire &#8211; France Culture Dans le cadre de l&rsquo;enfance bless\u00e9 ( P\u00e9rec \u00e9crit des \u00ab\u00a0souvenirs inapaisables\u00a0\u00bb dit Robert Bober ) \u00ab\u00a0\u00e9crire c&rsquo;est enterrer les parents\u00a0\u00bb selon P\u00e9rec&#8230; retrouvez les quatre \u00e9missions de La S\u00e9rie Documentaire sur le site de France Culture.","_links":{"self":[{"href":"https:\/\/centrejoebousquet.fr\/index.php\/wp-json\/wp\/v2\/pages\/581","targetHints":{"allow":["GET"]}}],"collection":[{"href":"https:\/\/centrejoebousquet.fr\/index.php\/wp-json\/wp\/v2\/pages"}],"about":[{"href":"https:\/\/centrejoebousquet.fr\/index.php\/wp-json\/wp\/v2\/types\/page"}],"author":[{"embeddable":true,"href":"https:\/\/centrejoebousquet.fr\/index.php\/wp-json\/wp\/v2\/users\/1"}],"replies":[{"embeddable":true,"href":"https:\/\/centrejoebousquet.fr\/index.php\/wp-json\/wp\/v2\/comments?post=581"}],"version-history":[{"count":2,"href":"https:\/\/centrejoebousquet.fr\/index.php\/wp-json\/wp\/v2\/pages\/581\/revisions"}],"predecessor-version":[{"id":586,"href":"https:\/\/centrejoebousquet.fr\/index.php\/wp-json\/wp\/v2\/pages\/581\/revisions\/586"}],"wp:attachment":[{"href":"https:\/\/centrejoebousquet.fr\/index.php\/wp-json\/wp\/v2\/media?parent=581"}],"curies":[{"name":"wp","href":"https:\/\/api.w.org\/{rel}","templated":true}]}}